{"id":80,"date":"2012-07-31T02:20:18","date_gmt":"2012-07-31T02:20:18","guid":{"rendered":"https:\/\/avada.theme-fusion.com\/?page_id=80"},"modified":"2020-12-08T21:18:15","modified_gmt":"2020-12-08T18:18:15","slug":"jasenelle","status":"publish","type":"page","link":"https:\/\/www.vri.fi\/vriry\/jasenelle\/","title":{"rendered":"J&Auml;SENELLE"},"content":{"rendered":"<div class=\"fusion-fullwidth fullwidth-box fusion-builder-row-1 hundred-percent-fullwidth non-hundred-percent-height-scrolling\"  style='background-color: #ffffff;background-position: center center;background-repeat: no-repeat;padding-top:0px;padding-right:0px;padding-bottom:0px;padding-left:0px;'><div class=\"fusion-builder-row fusion-row \"><div  class=\"fusion-layout-column fusion_builder_column fusion_builder_column_1_1 fusion-builder-column-1 fusion-one-full fusion-column-first fusion-column-last fusion-column-no-min-height 1_1\"  style='margin-top:0px;margin-bottom:0px;'>\n\t\t\t\t\t<div class=\"fusion-column-wrapper\" style=\"padding: 0px 0px 0px 0px;background-position:left top;background-repeat:no-repeat;-webkit-background-size:cover;-moz-background-size:cover;-o-background-size:cover;background-size:cover;\"   data-bg-url=\"\">\n\t\t\t\t\t\t<style type=\"text\/css\"><\/style><div class=\"fusion-title title fusion-title-1 fusion-title-text fusion-title-size-two\" style=\"margin-top:0px;margin-bottom:30px;\"><h2 class=\"title-heading-left\" style=\"margin:0;\">J\u00c4SENELLE<\/h2><div class=\"title-sep-container\"><div class=\"title-sep sep-double sep-solid\" style=\"border-color:#e0dede;\"><\/div><\/div><\/div><div class=\"fusion-text\"><p>VRI vaikuttaa monien Insin\u00f6\u00f6riliiton liittoyhteis\u00f6n ja akavalaisten yhdistysten kautta edunvalvontaan. VRI:ll\u00e4 on hyv\u00e4t suhteet <a href=\"https:\/\/www.helins.fi\/\">Helsingin insin\u00f6\u00f6reihin<\/a> ja kattoj\u00e4rjest\u00f6 Insin\u00f6\u00f6riliittoon. VRI:n j\u00e4senet toimivat luottamusmiehin\u00e4 monissa yrityksiss\u00e4 omilla alueillaan. <span class=\"s4\">VRI:n<\/span><span class=\"s4\"> j\u00e4senet vaikuttavat <\/span><span class=\"s4\">YTN:n<\/span><span class=\"s4\"> (<\/span><span class=\"s4\">Ylemm\u00e4t Toimihenkil\u00f6t <\/span><span class=\"s4\">YTN<\/span> <span class=\"s4\">ry on Akavan yksityis<\/span><span class=\"s4\">en sektorin neuvotteluj\u00e4rjest\u00f6) <\/span><span class=\"s4\">yritysyhdistyksiss\u00e4 kuten VR Akavassa. Valtiolla luottamusmiehet <\/span><span class=\"s4\">asettaa<\/span> <span class=\"s4\">JUKO ry julkisalan koulutettujen neuvotteluj\u00e4rjest\u00f6. <\/span><\/p>\n<p class=\"s3\"><span class=\"s4\">VRI:n<\/span><span class=\"s4\">\u00a0asunto P\u00e4rnussa, Virossa ja m\u00f6kki Levill\u00e4 tarjoavat j\u00e4senist\u00f6lle etuhintaan virkist\u00e4ytymismahdollisuuksia. <\/span><span class=\"s4\">VRI j\u00e4rjest\u00e4\u00e4 j\u00e4senist\u00f6lleen <\/span><span class=\"s4\">tapahtumia <\/span><span class=\"s4\">ja <\/span><span class=\"s4\">tarjoaa mahdollisuuksia<\/span><span class=\"s4\"> osallistua <\/span><span class=\"s4\">vuotuisille <\/span><span class=\"s4\"><a href=\"http:\/\/www.vrsty.fi\/\">VR S\u00e4hk\u00f6tekniset STY ry<\/a>:n j\u00e4rjest\u00e4mille <\/span><span class=\"s4\">matkoille.<\/span><\/p>\n<p class=\"s3\"><strong><span class=\"s4\">Insin\u00f6\u00f6riliiton j\u00e4senetuja<\/span><span class=\"s4\"> ovat mm.<\/span><\/strong><\/p>\n<div class=\"s7\"><span class=\"s6\">\u2022 <\/span><span class=\"s4\">Ty\u00f6markkinaedunvalvonta, jonka tavoitteina <\/span><span class=\"s4\">on <\/span><span class=\"s4\">parantaa insin\u00f6\u00f6rien palkkausta ja ty\u00f6ehtoja sek\u00e4 <\/span><span class=\"s4\">lains\u00e4\u00e4d\u00e4nn\u00f6n ett\u00e4 ty\u00f6<\/span><span class=\"s4\">&#8211; ja virkaehtosopimusten kautta, lis\u00e4t\u00e4 <\/span><span class=\"s4\">j\u00e4senten ty\u00f6llisyytt\u00e4, ammatillista arvostusta sek\u00e4 kehitt\u00e4\u00e4 tasa-arvoa ja yhdenvertaisuutta ty\u00f6el\u00e4m\u00e4ss\u00e4.<\/span><\/div>\n<div class=\"s7\"><span class=\"s6\">\u2022 <\/span><span class=\"s4\">IF:n <\/span><span class=\"s4\">vakuutuspaketti<\/span> <span class=\"s4\">(mm. matka- ja oikeusturvavakuutukset) <\/span><span class=\"s4\">ja alennukset vakuutuksista<\/span><span class=\"s4\">.<\/span><\/div>\n<div class=\"s7\"><span class=\"s6\">\u2022 <\/span><span class=\"s4\">F-Securen tietoturvapalveluita etuhintaan<\/span><span class=\"s4\">.<\/span><\/div>\n<div class=\"s7\"><span class=\"s6\">\u2022 <\/span><span class=\"s4\">Holiday Club -majoituksien verkkokaupan<\/span><span class=\"s4\"> 15 % alennus<\/span><span class=\"s4\">.<\/span><\/div>\n<div class=\"s7\"><span class=\"s6\">\u2022 <\/span><span class=\"s4\">OptiWatti<\/span><span class=\"s4\">, \u00e4lyk\u00e4s ratkaisu s\u00e4\u00e4st\u00e4m\u00e4\u00e4n s\u00e4hk\u00f6l\u00e4mmityksen kuluissa. Maksuton s\u00e4hk\u00f6l\u00e4mmityksen s\u00e4\u00e4st\u00f6kartoitus ja j\u00e4rjestelm\u00e4n tilanneilla kaupan p\u00e4\u00e4lle vuotovahti (arvo 150\u20ac)<\/span><span class=\"s4\">.<\/span><\/div>\n<div class=\"s7\"><span class=\"s6\">\u2022 <\/span><span class=\"s4\">Aina edullisempi asuntolaina Danske Bankista<\/span><span class=\"s4\">.<\/span><\/div>\n<p class=\"s3\"><span class=\"s4\">Member<\/span><span class=\"s4\">+ on uusi akavalaisten j\u00e4senetupalvelu. Yhteisten akavalaisten j\u00e4senetujen lis\u00e4ksi palvelussa on Insin\u00f6\u00f6riliiton oma osio, johon on koottu liiton omia j\u00e4senetuja. <\/span><span class=\"s4\">Member<\/span><span class=\"s4\">+ j\u00e4senetupalvelusta l\u00f6yd\u00e4<\/span><span class=\"s4\">t lis\u00e4ksi muun muassa n\u00e4m\u00e4 edut:<\/span><\/p>\n<div class=\"s7\"><span class=\"s8\">\u2022 <\/span><span class=\"s4\">m\u00f6kit ja lomahuoneistot (Vierum\u00e4ki, <\/span><span class=\"s4\">Koppar\u00f6<\/span><span class=\"s4\">, Ruska Ruka, Tahko, Vuokatti)<\/span><\/div>\n<div class=\"s7\"><span class=\"s8\">\u2022 <\/span><span class=\"s4\">etuja pankki- ja vakuutuspalveluista (Danske Bank, If, Turva)<\/span><\/div>\n<div class=\"s7\"><span class=\"s8\">\u2022 <\/span><span class=\"s4\">matkustamiseen ja lomailuun liittyvi\u00e4 etuja (Tallink Silja, <\/span><span class=\"s4\">Novasol<\/span><span class=\"s4\">, Lappean Loma)<\/span><\/div>\n<div class=\"s7\"><span class=\"s8\">\u2022 <\/span><span class=\"s4\">hyvinvointiin ja liikuntaan liittyvi\u00e4 etuja (Kevent\u00e4j\u00e4t, Lifted.fi, <\/span><span class=\"s4\">GolfPassi<\/span><span class=\"s4\">)<\/span><\/div>\n<div class=\"s7\"><span class=\"s8\">\u2022 <\/span><span class=\"s4\">erikoispalveluja (<\/span><span class=\"s4\">Shareit<\/span> <span class=\"s4\">Blox<\/span> <span class=\"s4\">Car<\/span><span class=\"s4\">, Kiho &#8211; Ajop\u00e4iv\u00e4kirja, <\/span><span class=\"s4\">Priority<\/span> <span class=\"s4\">Pass<\/span><span class=\"s4\">)<\/span><\/div>\n<div><\/div>\n<div><\/div>\n<div><a href=\"https:\/\/www.ilry.fi\/palvelut\/henkilokohtaiset-palvelut\/jasenyys\/jasenmaksu\"><i class=\"fontawesome-icon fa fa-link circle-yes fa-spin\" style=\"border-color:#333333;background-color:#333333;font-size:10.56px;line-height:21.12px;height:21.12px;width:21.12px;margin-right:6px;color:#ffffff;\"><\/i> <\/a><a href=\"https:\/\/www.ilry.fi\/jasenyys\/jasenedut\/\">Uusimman ja ajantasaisimman tiedon Insin\u00f6\u00f6riliiton j\u00e4seneduista l\u00f6yd\u00e4t Insin\u00f6\u00f6riliiton sivuilta<\/a>.<\/div>\n<\/div><div class=\"fusion-clearfix\"><\/div>\n\n\t\t\t\t\t<\/div>\n\t\t\t\t<\/div><\/div><\/div>\n","protected":false},"excerpt":{"rendered":"","protected":false},"author":1,"featured_media":0,"parent":0,"menu_order":0,"comment_status":"closed","ping_status":"closed","template":"side-navigation.php","meta":{"footnotes":""},"class_list":["post-80","page","type-page","status-publish","hentry"],"_links":{"self":[{"href":"https:\/\/www.vri.fi\/vriry\/wp-json\/wp\/v2\/pages\/80","targetHints":{"allow":["GET"]}}],"collection":[{"href":"https:\/\/www.vri.fi\/vriry\/wp-json\/wp\/v2\/pages"}],"about":[{"href":"https:\/\/www.vri.fi\/vriry\/wp-json\/wp\/v2\/types\/page"}],"author":[{"embeddable":true,"href":"https:\/\/www.vri.fi\/vriry\/wp-json\/wp\/v2\/users\/1"}],"replies":[{"embeddable":true,"href":"https:\/\/www.vri.fi\/vriry\/wp-json\/wp\/v2\/comments?post=80"}],"version-history":[{"count":4,"href":"https:\/\/www.vri.fi\/vriry\/wp-json\/wp\/v2\/pages\/80\/revisions"}],"predecessor-version":[{"id":12472,"href":"https:\/\/www.vri.fi\/vriry\/wp-json\/wp\/v2\/pages\/80\/revisions\/12472"}],"wp:attachment":[{"href":"https:\/\/www.vri.fi\/vriry\/wp-json\/wp\/v2\/media?parent=80"}],"curies":[{"name":"wp","href":"https:\/\/api.w.org\/{rel}","templated":true}]}}